k) = 7*k**3 + 2*k**2 + 2*k + 1. Suppose 0 = -37*o + 38*o - 4. Suppose 3*w + h - 1 = -6, 5*w = -o*h - 13. What is v(w)?
-6
Let p(q) = -11*q**3 - 2*q + 5. Let u be 12/(-18) + 19/(-3). Let k(v) = -16*v**3 - 3*v + 7. Let d(y) = u*p(y) + 5*k(y). Determine d(-1).
4
Let q(v) be the third derivative of v**4/12 - v**3/3 - 35*v**2. Calculate q(4).
6
Let q be ((-24)/20)/((-7)/35). Let a(v) = v**3 - 6*v**2 + 2*v + 8. Determine a(q).
20
Let f(b) be the third derivative of b**5/20 - b**4/12 - b**3/3 + 160*b**2. Let c be (2 + -1 + 0)*3. Give f(c).
19
Let a(v) = v**2 - 6*v - 14. Let j(r) = 4*r**2 - 23*r - 56. Let d be 222/24 - 2/(-16)*-2. Let t(u) = d*a(u) - 2*j(u). Determine t(10).
6
Let g(y) be the third derivative of -y**5/20 - y**4/24 - 16*y**2. Let j(u) = -6*u + 4. Let c be j(1). Give g(c).
-10
Suppose -2 = -3*k - 11. Let i(b) = b**3 + 9*b**2 + 7. Let r(z) = -z**2 + z - 1. Let y(q) = i(q) + 5*r(q). Determine y(k).
-4
Let c(l) = l**3 + 5*l**2. Let k be c(-5). Let v(i) = i**2 - i + 24. Calculate v(k).
24
Let w(q) = -q. Suppose 2*y - u = y + 61, -4*y - 2*u + 214 = 0. Suppose 3*m = -m + y. Suppose -5 = 3*g - m. Determine w(g).
-3
Suppose -6*r = -3*r + 3. Let i(f) be the first derivative of 3*f**2/2 - f - 1723. Determine i(r).
-4
Let c(i) = -i**2 - 6*i + 4. Let x(t) = t. Let m(r) = c(r) - 5*x(r). Determine m(-10).
14
Let f be (4 + -3 - -6) + -2. Suppose 0 = -f*q + 2*q. Let u(o) = -o**2 + 14. Give u(q).
14
Let y(f) = f**3 - 1. Let a(d) = 4*d**3 + 8*d**2 + 14*d - 10. Let v(r) = a(r) - 5*y(r). Give v(9).
40
Let x(t) = -t**2 + 6*t - 4. Let c be (-20)/35 - 4/(-7). Suppose 0 = -3*j - 2*q + 4*q + 25, c = 5*q + 25. Calculate x(j).
1
Let g(a) = a**2 + 2*a - 1. Let c(q) = -q**3 + 21*q**2 + 14*q + 176. Let u be c(22). Calculate g(u).
-1
Let u(y) = 5*y - 4. Let p(k) = k + 2. Let v(x) = -4*p(x) + u(x). Calculate v(12).
0
Let d(l) = 4*l + 2. Let j(m) = -m**2 - m. Let u(b) = d(b) - j(b). Calculate u(-3).
-4
Suppose 4*a - 7*w = -8*w - 3, 0 = -5*a + 5*w - 35. Let l(g) = -g**2 - 9*g + 0*g**3 + 6*g - 2 - g**3. Calculate l(a).
8
Let n(q) = 2*q**2 - 19*q - 17. Let u(k) = -k**2 + 10*k + 9. Let h(s) = 3*n(s) + 5*u(s). Calculate h(10).
24
Let d(i) = 188*i - 88*i - 7 - 101*i. Let j be 2*(-2 - 0)*-1. Suppose z = -j*z. What is d(z)?
-7
Let v(n) = n**2 - 9*n + 9. Let x(t) = t**2 + 2*t - 2. Let j be x(-4). Let r be (6/(-9))/(j/(-54)). Give v(r).
-9
Let u(y) be the third derivative of y**8/20160 + y**7/2520 + y**6/360 - 11*y**5/60 + 13*y**2. Let v(d) be the third derivative of u(d). Calculate v(-2).
2
Suppose -12*h = -11*h + 1. Let d(p) be the third derivative of 2*p**5/15 - p**4/24 - 14*p**2. What is d(h)?
9
Let s(j) = j**2 + 1. Let g(r) = 4*r**2 - 3*r + 2. Let h(c) = g(c) - 6*s(c). Let p(i) = -i + 4. Let k be 14/(-4)*(-10)/5. Let l be p(k). What is h(l)?
-13
Let g be (-2)/5 + 216/90. Let i(j) = -2*j**g + 4 - 4*j + 1 + 4*j**2 - 1. Calculate i(3).
10
Let x(b) = 17*b + 7. Let f(g) = -g**3 + 8*g**2 + 9*g - 13. Let q be f(9). Let j(n) = -35*n - 15. Let r(a) = q*x(a) - 6*j(a). Give r(-1).
10
Let f(i) = 2*i**3 - 25*i**2 - 13*i + 2. Suppose 2*d = 3*d - 5*c - 33, 0 = 2*d + 3*c - 14. Give f(d).
2
Let n(x) = x**3 + 3*x**2 + x - 2. Let d be (4 - 1)/(2/2) - 1. Suppose -d*k + 1 = j, -3*k = j - 0 - 3. What is n(j)?
-5
Suppose -3*i + 11 + 19 = 0. Let k be ((-5)/i)/(-1)*-2. Let p(r) = 10*r + 1. Calculate p(k).
-9
Suppose -s - 2*v - 3 = 2, 0 = -3*s - 4*v - 13. Let q be 5/15 + (-2)/s. Let d(a) = a + q + 3*a - 2*a. What is d(2)?
5
Let y(w) = 21*w**2 - 83*w - 9. Let c be y(4). Let m(t) = -2*t**2 - 12*t - 12. What is m(c)?
-2
Suppose 4*d + 3*t = -54 + 15, 5*d = 4*t - 10. Let j(h) = -2 - 20 + 10 - h**3 - 6*h**2 + 6 + 11. Determine j(d).
5
Let a(d) = 3*d**3 + 3*d**2 - 3*d. Let t(r) = 7*r**3 + 7*r**2 - 6*r + 1. Let o(h) = 5*a(h) - 2*t(h). Suppose -17 = -4*y + 6*b - b, 21 = -3*y - 3*b. Give o(y).
0
Let h(t) be the first derivative of -t**7/840 - t**6/45 - t**5/20 + t**4/8 - 5*t**3/3 - t + 19. Let u(r) be the third derivative of h(r). Determine u(-7).
-4
Let a(i) = 2*i**2 + 2*i - 6. Let q be a(-3). Let g(p) = 2*p**2 - 39*p + 3*p**2 + 8 - p**3 + 43*p. Calculate g(q).
-4
Let n(i) = -20*i - 1. Let d(r) = 9*r + 1. Let a(t) = -t**2 + 32*t - 51. Let h be a(30). Let m(z) = h*d(z) + 4*n(z). Determine m(0).
5
Let f(x) = 3*x - 10. Suppose -5*k + 14 - 4 = 0. Let q(t) = -2*t + 5. Let l(i) = k*f(i) + 5*q(i). Calculate l(4).
-11
Let z(i) = -2*i**2 - 10*i - 13. Let p(g) = -5*g**2 - 21*g - 25. Let l(o) = -3*p(o) + 7*z(o). Calculate l(9).
2
Let t(y) = 2*y + 5. Let j(z) = z + 2. Let q(l) = -5*j(l) + 2*t(l). Let m = 1 + 1. What is q(m)?
-2
Let y(b) = 5 - b**2 + 0*b**2 + 6*b**2 - b**3 + 5*b. Let l(n) = 3*n + 3. Let h be l(-9). Let v = -18 - h. Calculate y(v).
-1
Let b(g) be the first derivative of g**3/3 - g**2/2 - 8*g - 140. Calculate b(-3).
4
Let h(y) = 15*y - 16*y - 5 + 11. Determine h(0).
6
Let s(w) be the third derivative of -w**5/30 + w**4/6 - w**3/2 + w**2 + 71. Let m(z) = z**2 + 4*z - 2. Let n = -4 + -1. Let l be m(n). Calculate s(l).
-9
Let d = 0 - 1. Let f(n) be the third derivative of 3*n**2 + 0 + 1/30*n**5 + 0*n - 1/6*n**3 + 0*n**4 + 1/20*n**6. Calculate f(d).
-5
Let i(n) be the second derivative of n**5/20 - n**3/3 - n**2/2 + 144*n - 2. Calculate i(2).
3
Let n(v) = 2*v**2 - 13*v + 26. Let s be n(3). Let c(l) = -l**2 + 7*l - 7. Give c(s).
3
Suppose -l - 147 = -2*x + 7*x, 5*x + 5*l = -135. Let h be 2/3 + 140/x. Let t = 0 - h. Let i(m) = m**3 - 3*m**2 - 3*m + 2. Determine i(t).
6
Let y(c) be the second derivative of c**5/20 + c**4/4 + c**3/2 + 75*c. Give y(-3).
-9
Let q(m) be the second derivative of -m**5/20 + m**4/6 + 2*m**3/3 - 4*m**2 - 33*m + 6. Calculate q(3).
-5
Let c(r) = r - 1. Let q = 330 - 323. Calculate c(q).
6
Let h(v) = -v**2 - 2*v + 2. Suppose 31*a = 26*a + 20. Suppose -5*c + 0 + 23 = -d, a*d + 16 = c. Determine h(d).
-1
Let v(r) = r**2 + 2*r - 4. Suppose -2*d + 5*c + 14 = 0, -3*d - 8*c + 7*c - 13 = 0. What is v(d)?
-1
Let a = 0 + 0. Let d(c) = c**3 + c**2 + c + 11. Give d(a).
11
Suppose 2*h + 0 - 1 = v, 3*v = -5*h + 30. Suppose 0 = -2*a - 3*a + 3*b, h*a = -4*b. Let n(x) = -x**2. Determine n(a).
0
Let o(c) be the second derivative of c**4/12 + 5*c**3/6 - 3*c**2 + 217*c. Suppose 0 = 3*f - 4*t + 1, -4*t - 31 = f - 4. What is o(f)?
8
Let k(y) = y + 47 + 8*y - y - 53 - y. What is k(-2)?
-20
Let a(j) = 6*j**2 + 3*j + 28. Let b(s) = 2*s**2 + s + 9. Let r(u) = -2*a(u) + 7*b(u). Let q(f) = f**2 + f + 3. Let m(o) = 7*q(o) - 3*r(o). Calculate m(-4).
0
Let y(x) = 10*x - 1. Let p be y(-3). Let a = p + 26. Let w(n) = 2*n + 4. What is w(a)?
-6
Let s = 2198 - 2200. Let o(l) be the third derivative of -l**5/30 - l**4/24 + l**3/6 + l**2. What is o(s)?
-5
Let c(b) be the second derivative of -b**3/6 - b**2 + b. Suppose 4*z + 57 = -5*y + 3, -3*y = 5*z + 48. Calculate c(z).
4
Suppose -4*o + 5 = -r, -4*r = r + 2*o + 3. Let k(c) = c**3 + c**2 + 3*c + 2. Let a be k(r). Let t(s) = -5*s**2. What is t(a)?
-5
Let k(z) = z**3 - 2*z**2 + 6*z + 4. Let j be k(0). Let d(w) be the third derivative of -w**6/120 + w**5/15 - w**4/12 + w**3/2 - w**2. Calculate d(j).
-5
Let z(m) = -10*m - 1. Let h = -60 - -66. Let k = h + -5. Calculate z(k).
-11
Let l(k) be the first derivative of k**4/4 - k**3 - k**2/2 + k - 1. Let o = 149 + -146. What is l(o)?
-2
Let t(b) = -81 + 4*b**2 + 84 - 12*b + 7*b**2 + b**3. What is t(-12)?
3
Let p(y) be the second derivative of y**4/6 - y**3/6 + 181*y. Give p(1).
1
Let i = 71 + -64. Let u(r) be the first derivative of r**4/4 - 7*r**3/3 + r**2/2 - 7*r - 36. Determine u(i).
0
Let o be 6/(-21) + (-115)/(-35). Suppose 0 = p + 4, 4*i + o*p = -12. Suppose 2*s + 4 - 10 = i. Let f(a) = -a**2 - 2*a + 3. Determine f(s).
-12
Let i(a) = 2*a - 12. Let b = -1373 - -1381. Calculate i(b).
4
Let d(q) = 49*q. Suppose 0 = 5*z + 3*x + 4, 2*z - 13*x + 12*x - 5 = 0. Calculate d(z).
49
Let t(g) = g**2 - 5*g + 2. Suppose -31 = -5*n - 6. Let u be t(n). Let f(a) = 4*a - 3. Determine f(u).
5
Let y = -7 + 14. Suppose -z - 18 = -y*z. Suppose 3*c + 4*q = -14, -2*c + 0*q - z*q - 9 = 0. Let a(v) = -v - 1. Calculate a(c).
5
Let t(r) = -31*r**3 - 29*r**3 + 3*r - 4*r - 23*r**3 + 84*r**3. Give t(3).
24
Suppose 0 = 5*l - 12 - 33. Let v = l - 9. Suppose -5*y = -v*y - 30. Let z(a) = a**3 - 5*a**2 - 6*a - 4. Give z(y).
-4
Let y = 9 - 0. Suppose -y = -2*f